3*i = 5*k - 25. Determine m(i).
-4
Let u(h) = 2*h + 27. Suppose -4*f + 22 = -2*r, -r + 56 = -5*r + 5*f. What is u(r)?
-11
Let u = -7224 - -7227. Let z(y) = -y**3 + 5*y - 24. Determine z(u).
-36
Let x(a) = -505*a**2 - 9*a + 504*a**2 - 1 + 2*a - 3 - 3. Let b(n) be the second derivative of n**4/12 - 3*n**3/2 - 3*n**2 + 2*n. Let d be b(9). Determine x(d).
-1
Let y(o) = 2*o**2 + o + 1. Let t(h) = -5*h**2 - 11. Let x(g) = t(g) + 3*y(g). Let d(v) = v**3 + 7*v**2 + 8*v + 4. Let w be d(-6). What is x(w)?
32
Let u(a) = -222*a + 17 + 436*a + a**2 - 221*a. Give u(-7).
115
Let b = -6065 + 6067. Let m(w) be the second derivative of w**4/4 + 2*w**3/3 - 3*w**2/2 - 25*w. Calculate m(b).
17
Let x(m) = -24*m + 282. Let l = -12740 + 12752. Determine x(l).
-6
Let k(y) be the second derivative of -1/12*y**4 + 2 + 2/3*y**3 - 5/2*y**2 - 53*y. Give k(5).
-10
Let b(q) = q**2 - 4*q - 10. Let d be (18 - (2 - 2))/(6/(-108)). Let a = d - -332. Give b(a).
22
Let a(c) = c**3 - 3*c**2 + c. Let k = -74 + 77. Suppose -k*u + 13 = 4. Suppose -5*b + 9 = -s, -5*b = -u*s - 8 + 1. What is a(b)?
-2
Let l(p) = 1592*p**2 + 5 - 1593*p**2 + 6*p + 2 + 7*p. Let r(o) = -o**3 - o + 13. Let g be r(0). Let y be l(g). Let w(x) = -x**3 + 7*x**2. What is w(y)?
0
Let o(y) = y**2 - 7*y + 5. Let c be (-2 - (-129)/(-2)) + 3/2. Let t = -62 - c. Suppose 2*i = 5*d + 5, -10 = -t*i + 3*d + 2*d. Give o(i).
-5
Let z(p) be the third derivative of -p**4/8 + 8*p**3 + 1579*p**2. Calculate z(20).
-12
Suppose 0 = -3*l + 15. Let s(v) = -v**2 - 5*v + 3*v + v - 2*v**3 - 6004 + 6004. Let w(z) = -11*z**3 + z**2 - 11*z + 6. Let k(n) = 5*s(n) - w(n). Calculate k(l).
-1
Let g(i) = i - 15. Suppose 0 = -110*t - 536 - 14. What is g(t)?
-20
Let d(o) = o**3 - 13*o**2 + 13*o + 17. Let n = 2080 + -2068. What is d(n)?
29
Let b(l) be the third derivative of 1/6*l**3 + 2*l**2 + 1/2*l**4 + 22*l + 0. What is b(1)?
13
Let f(n) = 10*n**2 + 2 + 0 + 2484*n - 2454*n + 4. What is f(-3)?
6
Let a(r) = 57*r + 1759. Let s be a(-31). Suppose 10*j - 5*j = 0. Let k(y) = 40 - 7*y + j*y**2 + 0*y**2 - y**2 - 46. Give k(s).
-14
Let g(f) = f**2 + 13*f - 28. Let h(q) = 2*q**3 + 94*q**2 - 195*q + 34. Let v be h(-49). Calculate g(v).
2
Let a(j) = -30*j + 319. Let m(f) = 91*f - 981. Let o(k) = 10*a(k) + 3*m(k). Calculate o(9).
4
Suppose 2*h - 25 + 3 = 0. Let s(t) = t - 12. Let c be s(h). Let b(j) = -81*j**3 + 246*j**3 - 1 - 92*j**3 - 89*j**3 - 2*j. Calculate b(c).
17
Let l(m) = 5*m**3 - 3*m**2 - 5*m. Let b(t) be the first derivative of -t**4 + 2*t**3/3 + 2*t**2 - 16. Let h(s) = -4*b(s) - 3*l(s). Give h(0).
0
Let f = -785/8 + 2387/24. Let b(g) be the second derivative of 1/2*g**2 - 4*g - f*g**4 - 2 + 1/6*g**3. Give b(-1).
-16
Let l(q) = 9*q**3 - 3*q**2 - 3*q. Let n be 43 + -46 - (1 - (-8)/(-4)). Give l(n).
-78
Let v(d) be the third derivative of 1/60*d**5 + 3*d**2 + 1/24*d**4 + 0*d - 1/3*d**3 + 0. Give v(-4).
10
Let y(m) = 10*m + 116. Let i(u) = 10*u + 118. Let l(o) = -6*i(o) + 5*y(o). Give l(-13).
2
Let l(n) = n**2 + 9*n - 5. Let s be 2 + -5 + 9 + 2. Let u = -13 + s. Let a be (-4)/(8/6) + u. What is l(a)?
-13
Let x = 12 + -25. Let w = 20 + x. Let d(i) = 200*i**3 - 201*i**3 + 3*i + 0 + 311*i**2 - 304*i**2 - 5. Give d(w).
16
Let x(r) = 2534 + 2538 + 2536 - 7618 - 27*r. What is x(0)?
-10
Let o(z) = -z**2 + z + 15. Let y = -128 + 117. Let u be y/3 - -3 - 18/(-27). Determine o(u).
15
Let s(q) = q**2 + 6*q. Let k be s(-7). Let p(g) = k - 14 - 2*g + 3. Let a = -36 + 33. What is p(a)?
2
Let s(c) = c**3 + 2*c - 1. Suppose 43*y = 24*y + 57. Suppose -2*i = 3 + 5, y*v = -i + 5. Calculate s(v).
32
Let c(v) = -12*v**2 - 173*v + 6. Let p(l) = 2*l**2 + 27*l - 1. Let i(q) = -3*c(q) - 19*p(q). Determine i(0).
1
Suppose 5*z + 0*z = 275. Let d = z + -53. Let b(p) = p**d - 30 + 25 + 7*p - 4*p. Give b(-6).
13
Let b(i) be the first derivative of i**6/120 + i**5/10 + i**4/6 - i**3 - 26*i**2 + i + 72. Let t(l) be the second derivative of b(l). Calculate t(-5).
-1
Let j = 58 + -49. Let v be (j/6)/1*(-4)/3. Let g be (21/6 - 5)*v. Let o(a) = a**2 - 3*a + 1. What is o(g)?
1
Let t(u) be the second derivative of 1/6*u**3 + 46*u + 0 + 4*u**2. Calculate t(-10).
-2
Let h(p) = 10*p**2 - 25221*p + 9 + 25231*p - 4*p**2 - p**2. Determine h(-1).
4
Let a(y) = -4*y + 11. Let v(p) = -6*p + 7*p + 185 + p + 8*p. Let f be v(-18). What is a(f)?
-9
Let s = 57 - 59. Let x be (-4 - -9)*(1 + s). Let w(t) = -3 + 2*t - t + 3*t + t**2. Give w(x).
2
Suppose 0 = 49*v - 86 + 527. Let u(d) = 6*d**3 + 14*d**2 - 3*d + 7. Let o(b) = 5*b**3 + 13*b**2 - 2*b + 6. Let y(m) = 5*o(m) - 4*u(m). What is y(v)?
-16
Let h(k) = 4*k + 12. Let g(q) = -1. Let n = 114 + -115. Let w(b) = n*h(b) - 6*g(b). Suppose 4*y + 6 = 5*z, -4*y - 4 = 2*z + 16. What is w(y)?
10
Let n = -760 + 763. Suppose -x = -0*x - 1. Let s(g) = g**2 + 3 - 4*g + x - 2*g. Give s(n).
-5
Let s(n) = 2*n**3 - 13*n**2 + 5*n - 12. Let o = -19338 - -19344. Give s(o).
-18
Let z(q) = q**2 - 5*q + 9. Let x be (-28)/8 - -3 - 15/(-2). Give z(x).
23
Let t(o) = 12472*o**2 - 24928*o**2 + 12461*o**2 - 60 + 14*o - o**3. Give t(6).
-12
Suppose -3*k - 5 = -0*j + 4*j, 2*k + 3 = -3*j. Suppose -31*r = 31*r - 186. Let l(c) = j + 7*c - 3*c - r*c - 3*c. Determine l(6).
-11
Let j(n) = n**3 - 5*n**2 - n + 2. Let t(z) = -z**3 + z**2 - 2 - 3 + 10*z - 2. Let q be t(3). Give j(q).
-3
Suppose v = -4*c - 22, 5*c + 18 = 4*v + 1. Let p(o) = o**2 + 13*o + 4. Let h be p(-13). Let m(l) = h*l + 2*l + l - 2*l. Determine m(v).
-10
Suppose 0*z = -z + 2. Let a(s) = -3951*s**2 - 2*s - 5098*s**2 + 2 + 9043*s**2. Determine a(z).
-26
Suppose -3 - 2 = -g. Suppose -97 - 46 = -11*l. Let v(k) = 12*k - 5 + l*k + 20*k - 41*k. Determine v(g).
15
Let y(i) = 61*i**2 + 6*i - 13. Let k(j) = -23*j**2 - 2*j + 4. Let z(v) = 8*k(v) + 3*y(v). What is z(-4)?
-31
Let z be 7*((-6)/(-15) - 336/(-10)). Let v(w) = -247 - 5*w - w**2 + z - 3*w. Calculate v(-5).
6
Let n(y) = -y**2 - 4*y + 3. Let b = 5781 + -5779. Determine n(b).
-9
Let i(d) = -23 + 0*d - d - 12 + 48. Let l be 4/(-8)*(-36)/2. What is i(l)?
4
Let f(o) = -o. Let q(x) = -x**2 - 8*x + 7. Let y(u) = 4*f(u) - q(u). Let t be ((-92)/(-14) - (-56)/(-98)) + -12. Determine y(t).
5
Let r(t) = -3*t + 15. Suppose 5*i + 17 = 4*g + 49, 5*i - 23 = g. Let c(s) = -s**2 - 6*s - 1. Let q be c(g). Calculate r(q).
-9
Let q(y) = 40*y**2 + 0*y - 141 + 247 + 2*y - 104. Determine q(-1).
40
Suppose 16*r - 22 = 17*r. Let a be -1 + (-77)/r*(-16)/(-7). Let v(j) = 2*j - 14. Determine v(a).
0
Let y(j) be the first derivative of -j**4/2 + 2*j**3/3 + j**2/2 + 1. Let d be y(-1). Let z(o) be the first derivative of 3*o**2/2 + 101. What is z(d)?
9
Suppose 18 = 3*h + 27. Let l(j) = 4*j**2 + 6*j + 6. Let q(s) = -3*s**2 - 5*s - 6. Let n(t) = -4*l(t) - 5*q(t). Calculate n(h).
-6
Let z(t) = 14*t - 26. Let o(g) = -g**3 - 18*g**2 + 17*g - 34. Let w be o(-19). Let h be z(w). Let i(x) = 58*x + 7 - h*x - 27*x. Determine i(5).
12
Let z(v) = -2*v**3 - 8*v**2 + 6*v - 4. Let p = 7592 + -7596. Determine z(p).
-28
Let l(i) be the second derivative of i**5/20 - 5*i**4/12 - 5*i**3/6 - 7*i**2/2 + 2*i. Suppose -2795*v = -2800*v + 25. What is l(v)?
-32
Let i = -85 - -87. Suppose 4*y + i*y = -54. Let d(v) = v - 6 + 3 + 1. Determine d(y).
-11
Let u(y) be the first derivative of -y**3/3 - 35*y**2/2 - 70*y - 3283. Give u(-33).
-4
Let i(z) = -11*z**2 + 21*z + 7. Let r(o) = -5*o**2 + 10*o + 3. Let l(t) = -6*i(t) + 13*r(t). Suppose 260 = 4*f + 252. Give l(f).
9
Let q(h) = -h**2 - 5*h + 3. Let w be -2*-5*(-6)/30 + 700. Let z = w - 706. What is q(z)?
-21
Let y(r) = 18*r + 18*r - 35*r + 3. Suppose -9*l + 10 + 8 = 0. Let a be 0/4 + (-7 + l - 1). Determine y(a).
-3
Let j(q) = 5*q**3 - q**2 - q. Let u be j(-1). Let a(r) = -4*r - 85. Let d(o) = o + 41. Let n(x) = a(x) + 2*d(x). What is n(u)?
7
Let d(g) = -g + 2. Let m be (-882)/(-105) + 3/5. Let p be 16/1 + m/((-45)/(-10)). Let b be (3/1)/(27/p). Determine d(b).
0
Let l(n) = -2*n + 1. Let z = 104 - 200. Let k = z - -94. Let q be ((-15)/(-9) + k)*9. What is l(q)?
7
Let y be ((-62)/155)/(2/(-1440)). Let w = -284 + y. Let h(r) = -r**2 + 4*r + 7. Give h(w).
7
Let n = 68 + 64. Suppose 93 = -3*l + n. Let u(g) = 7. Let r(b) = b + 15. Let h(p) = l*u(p) - 6*r(p). Calculate h(2).
-11
Let r(g) = -g - 9. Let v be 1*-2 - 4 - -1. Let c be r(v). Let z(u) = 2. Let k(i) = -i + 12. Let p(q) = k(q) -